a be j(6). Suppose 165 = -a*r - 5*r. Let m = r - -55. What is the tens digit of m?
2
Let s(m) = -2*m + 24. What is the units digit of s(0)?
4
Let o(k) = k**3 + 8*k**2 - 8*k + 11. Let t be o(-9). Suppose u + 1 = t*s, -u - u + 26 = 3*s. What is the units digit of u?
7
Let l = 5 - 3. Suppose -v + s + 3 = 0, l*v + 0*s - 13 = -5*s. What is the units digit of (-68)/(-18) - v/(-18)?
4
Let l(o) = o**3 + 6*o**2 - 10*o - 3. Let a be l(-7). Suppose -5*u = -17 - a. What is the units digit of u?
7
Let n be 86/10 + (-9)/15. Let a = n - 1. What is the units digit of a?
7
Suppose -m + 151 = 4*n, m = 6*m + 5*n - 770. What is the hundreds digit of m?
1
Let c(p) = 7*p**2 + 5*p - 2. What is the hundreds digit of c(-5)?
1
Let f(g) be the first derivative of 10*g**3/3 + g**2/2 + g + 3. What is the tens digit of f(-1)?
1
Let q be (1*-1)/((-19)/38). Suppose q*y + 4*i + 2 = 0, 1 = -y + i + 15. What is the units digit of y?
9
Suppose -2*b - 2*q + 10 = -0*q, 5*q + 7 = 3*b. Suppose -2*x + 5*s + 18 = -50, b*s = 5*x - 187. What is the units digit of x?
9
Let x(k) = -k. Let a be (-6)/(-3) - (1 - 5). Let u be x(a). Let f = u - -10. What is the units digit of f?
4
Let a(z) = -4*z**2 - 3 + 0*z**2 + 3*z**2 + 5*z + 0*z. Suppose -4*j = -16 - 0. What is the units digit of a(j)?
1
Let u(d) = -d**3 + 11*d**2 - 9*d - 1. Suppose 5 = 3*o - 25. What is the units digit of u(o)?
9
Let c(m) = m**2 + 7. What is the tens digit of c(7)?
5
What is the units digit of 8/(-2) - (-5 + -48)?
9
Suppose 3*f + 23 = j + 9, -2*f - 8 = 0. Suppose j*y = 14 + 32. What is the units digit of y?
3
Let o(b) = b**2 - 2*b - 7. What is the units digit of o(-6)?
1
Let o(b) = -4*b + 16. Let w be o(-7). Let q = w + -30. What is the tens digit of q?
1
Suppose -5 = 10*b - 11*b. Suppose b*g + 9*f - 95 = 4*f, 0 = 4*f - 16. What is the units digit of g?
5
Let s be 193/5 + (-12)/(-30). What is the units digit of -3 + 12/(-4) + s?
3
Let d(x) = x**2 + 5*x - 2. Let t(v) = 6*v - 1. Let y be t(-1). Let b be d(y). Suppose -4*z = -3*r + 20, -b = -5*z + 2*z. What is the tens digit of r?
1
What is the units digit of (-4)/(-2) - -4 - -2?
8
Let q be (-10)/(-10) - (-1 - -4). What is the units digit of 16/6*(-15)/q?
0
Let s = 2 - 1. Let g be ((-3)/(-3) - -7)/s. What is the units digit of (-36)/g*(-8)/6?
6
Let b be 6/(-2 + 0/2). Let z(i) = 2*i**2 - 2. What is the tens digit of z(b)?
1
Suppose -59 = -3*o - 4*t, -1 = 2*o + 4*t - 35. What is the tens digit of o?
2
Suppose -7 = a - 12. Suppose -14 = -3*q + a*s - s, -16 = -4*s. What is the units digit of q?
0
Let k = 3 - 4. Let v = -1 - k. What is the units digit of (-1 - v)/(-1) + 0?
1
Suppose 0 = d - 24 - 97. What is the tens digit of d?
2
Suppose -10 + 33 = v. What is the units digit of v?
3
Suppose -372 = -4*z - 2*h - h, 2*h + 172 = 2*z. What is the tens digit of z?
9
Let i(g) = -g**3 - g**2 - g + 32. What is the tens digit of i(0)?
3
Let c(b) = b + 10. Let z be c(-8). Let x = 15 + z. What is the tens digit of x?
1
Let f(q) = q**3 - q**2 + 1. Let o be f(2). Let h = o - 2. What is the units digit of h?
3
Let t = -1 + 2. Let u be (3 - -49)*(2 - t). Suppose d + 3*z + 1 = 0, -4*d + 2*z = -0*d - u. What is the units digit of d?
1
Let c = -7 + 14. Suppose c*n = 4*n + 42. What is the tens digit of n?
1
Suppose 3*g - 7 = 11. What is the tens digit of (-2)/(-3) + 56/g?
1
Let g = 5 - 3. What is the tens digit of 1/2*13*g?
1
Let h = -37 + 84. What is the tens digit of h?
4
What is the tens digit of (-6)/(-2) - -248 - (6 - 4)?
4
Let b be (-1)/4 + 136/32. Let u(s) = s**3 - 3*s**2 - 2*s - 5. Let a be u(b). What is the units digit of 7*1/(3/a)?
7
Let u = -70 - -145. What is the units digit of u?
5
Let w = -105 + 187. Let q = w - 49. What is the units digit of q?
3
Suppose u - 6*u = 10. Let y(b) be the second derivative of b**4/12 - b**3/6 - b**2 - b. What is the units digit of y(u)?
4
What is the tens digit of (3 - 10/4)*398?
9
Suppose 15*x - 17*x + 84 = 0. What is the units digit of x?
2
Suppose 3*d - 12 = 3. Suppose -7*p + 42 = -d*p. Suppose 0 = -0*k - 3*k + p. What is the units digit of k?
7
Let z be (-5)/(-3) + 2/(-3). What is the units digit of 5 + (z - 1/(-1))?
7
Let a = 0 + 99. What is the tens digit of a?
9
Let b be (-2)/(-6) + 280/24. Suppose 16 = q - b. What is the units digit of q?
8
Suppose 0 = -2*o - 10, 4*u - 6*o + 3*o - 31 = 0. What is the units digit of -2 + u/((-12)/(-9))?
1
Let k(g) = -g**3 + 3*g**2 + 5*g + 1. Let r be k(4). Suppose 14 = r*t - 46. What is the tens digit of t?
1
Let v(s) = -7 + 2*s + 3*s - 2*s + 0*s. Let y be v(5). Suppose -i + y = 1. What is the units digit of i?
7
Let o(k) = -k**3 - 13*k**2 - 11*k + 12. Let x be o(-12). Suppose 4*a - 2*a - 112 = x. What is the units digit of a?
6
Suppose 441 = 5*z - 169. What is the tens digit of z?
2
Suppose 11*y - 712 = -96. What is the tens digit of y?
5
Let k = 15 + -13. What is the units digit of k/11 + (-392)/(-22)?
8
Let a(d) = -d + 1. Let v(n) = 10*n + 3. Let h(q) = -2*a(q) + v(q). Suppose f + 2*f - 3 = 0. What is the tens digit of h(f)?
1
Let g(j) = -3*j + 2. Let y be g(-6). Suppose 5*q = q + y. What is the units digit of q?
5
Let v(i) = -i**2 - 7*i - 6. Let x be v(-6). Suppose -4*n + 45 + 67 = x. What is the units digit of n?
8
Suppose 11 + 67 = 6*y. What is the units digit of y?
3
Let t(x) = 8*x + 6. What is the tens digit of t(5)?
4
Let w = -9 + 17. Let c = w + -3. Suppose -n = c*x - 7, -5*n + 2*x + 17 = -45. What is the tens digit of n?
1
Let x = 17 - -12. Suppose -3*u = -4*r + x, -4*r = -3*r + 2*u + 1. Suppose m + 1 = 3*d, 3 + 4 = m + r*d. What is the units digit of m?
2
Suppose -90 + 312 = 3*s. Let l = 103 - s. What is the units digit of l?
9
Suppose 2*f + 4*w = 22, -3*w - 2*w - 55 = -5*f. What is the tens digit of f?
1
Let t(i) = -i**3 - 6*i**2 - 2*i - 10. What is the units digit of t(-6)?
2
Suppose -5*a - 23 = -2*u, 5*u - a - 13 = 10. Suppose -3*b - u = 2. What is the units digit of (20/8)/(b/(-4))?
5
Suppose -4*t + 0*f = 4*f, 0 = 4*t + 5*f - 5. Let l = -1 - t. Suppose 3*c = -5*v + 38, 5*c - 17 = -l*v + 3. What is the units digit of v?
0
Suppose 4*v = -c, -4*c - 3*v + 7*v + 60 = 0. What is the tens digit of c?
1
Let q(x) = 10*x - 14. What is the units digit of q(9)?
6
Suppose -6 = 4*g - 22, -5*n = 2*g - 8. Suppose -2*m = -n*m - 4. Let u(l) = -l**3 + 3*l**2 + 2. What is the units digit of u(m)?
6
Let p = 621 + -276. What is the tens digit of p?
4
Let y = -2 - -8. Let v = 8 - y. Suppose 3*o + 5*r + 4 = -0, 10 = -v*r. What is the units digit of o?
7
Let x(u) = 3*u**2 + 17*u - 10. Let q(k) = -5*k**2 - 26*k + 15. Let g(r) = 5*q(r) + 8*x(r). Let j be g(5). Suppose -y + j*y = -8. What is the units digit of y?
8
Let j(f) = -f**3 + 6*f**2 + 3. Let b be j(6). Suppose 4*i = -0 - 4. What is the units digit of b/2*(1 - i)?
3
Let t be 1/((8/(-6))/(-4)). Suppose x + 0*u - 45 = t*u, x = -2*u + 30. What is the tens digit of x?
3
Let a(g) = 20*g**3 - 6*g**2 - 35*g - 5. Let m(l) = 7*l**3 - 2*l**2 - 12*l - 2. Let b(q) = 6*a(q) - 17*m(q). What is the units digit of b(4)?
2
Let v(l) = -9*l**2 - 4*l + 5. Let j be v(5). What is the units digit of 1/(-3) + j/(-18)?
3
Let t(b) = b + 55. What is the units digit of t(19)?
4
Suppose -3*b = 10 + 11. Let t(w) = -5*w. What is the units digit of t(b)?
5
Let a(g) = -g - 2. Suppose -20 = 6*q - 4*q. What is the units digit of a(q)?
8
Suppose -s - 3*d + 86 = -5*d, -88 = -s + 4*d. Suppose 3*o = 6*o - s. What is the units digit of o?
8
What is the units digit of 19/2 - (-2)/(-4)?
9
Let o = -107 + 223. What is the units digit of o?
6
Suppose 0*o = 4*o - 20. What is the units digit of -1 + o - (0 + -1)?
5
Suppose 0 = -4*n + 5*t - 2*t + 132, -2*n = 5*t - 40. Let f = n + -16. What is the units digit of f?
4
Let b be (24/(-14))/((-3)/21). Suppose 0 = -5*g + 11 + 4. Suppose -g*z + b = -z. What is the units digit of z?
6
Let j(u) be the first derivative of 1/3*u**3 - 1/4*u**4 + 1/2*u**2 + 2*u + 3. What is the tens digit of j(-2)?
1
Let q = -25 - -41. Let u = 0 + q. Suppose 6 - 14 = 3*n + 5*k, -3*n + k + u = 0. What is the units digit of n?
4
Let n = 1 - -8. Suppose 0 = -3*f + 6*f - n. Let a = f + 1. What is the units digit of a?
4
Suppose 2*v - 8 = 4*v - c, 4*v = -4*c + 8. What is the units digit of ((-20)/(-6))/v*-3?
5
Let t = -3 - -6. Suppose t*g = 31 - 4. Suppose -1 + g = z. What is the units digit of z